*l + 5*l = 5. What is the tens digit of f(l)?
1
Suppose 3*v - 387 + 107 = 4*g, -3*g + 2*v = 210. Let s be (-1)/(-4) - (-29)/(-4). What is the units digit of (-4)/(-10)*g/s?
4
Suppose 137 = 5*p - 4*u, -2*p = 2*p - 3*u - 110. What is the units digit of p?
9
Suppose 5*f + 18 = 3*h, 5*h + 2*f - 74 = -13. Let j = -1 + h. What is the tens digit of j?
1
Let z = 21 + -17. Suppose 0 = t - z*t + 6. What is the units digit of t?
2
Suppose 0 = 3*f - 5*f + 32. Suppose f = -2*o + 3*o. What is the tens digit of o?
1
Let d(y) = y**2 + 2*y - 2. What is the units digit of d(-9)?
1
Let w(j) = 2*j**3 + 0*j + 8*j**2 - 3*j**3 + j - 5*j + 2. What is the tens digit of w(7)?
2
Suppose 3*p - 2*m = 1 + 6, -4*m + 16 = 0. Let t(d) = d + 3 - 3 - 3 + 0. What is the units digit of t(p)?
2
Let g be 1/(3/(9*-1)). Let t = 6 + g. What is the units digit of t?
3
Suppose -3 = -3*i + 9. Suppose -2*g - 3*y - i - 6 = 0, 2*g - 4*y = 18. What is the units digit of g?
1
Let t(c) be the second derivative of 5*c**4/6 - c**3/6 - c**2/2 + 3*c. What is the units digit of t(-1)?
0
Let a(k) = 6*k**2 + 21*k + 27. What is the units digit of a(-7)?
4
Let p = -14 + 33. Let q be (-2 + 1 + 2)/(8/40). Let f = p - q. What is the tens digit of f?
1
Let d = 15 - 11. Let l = 5 - d. Let w = l - -1. What is the units digit of w?
2
Suppose -6*n = -27 + 3. Suppose 9*j = n*j + 245. What is the tens digit of j?
4
What is the tens digit of -3*((-67)/(-3))/(-1)?
6
Let s(c) = c**3 + 18*c**2 - 9*c - 12. What is the hundreds digit of s(-18)?
1
Suppose -2*t = -t + 49. What is the units digit of 1*-2 + (-9 - t)?
8
Let h = 30 - 21. What is the units digit of h?
9
Let m = 274 + -162. What is the hundreds digit of m?
1
Suppose -2*s = -0*s - 12. Suppose 0 = -s*k + k + 10. Suppose k*y - 6*y + 12 = 0. What is the units digit of y?
3
Suppose -f = 4*j - 32, -2*j + 5*j - 24 = -5*f. Let y = -3 + j. Suppose 4*z - 59 = -3*i, i + 0*i - y*z = 7. What is the tens digit of i?
1
Let d(t) = t**2 + 5*t + 8. What is the tens digit of d(-7)?
2
Suppose 0*a + 96 = 2*a - 4*p, 4*a - 171 = p. What is the tens digit of a?
4
Let v(w) = 2*w. Let t be v(2). Let k be (-26)/(-7) - (-4)/14. Suppose t = k*j, 4*z - 3 = -2*j + 7. What is the units digit of z?
2
Let q(k) = -18*k - 1. What is the hundreds digit of q(-7)?
1
Let q(u) = 2*u**3 - 6*u**2 + 2*u - 4. Let m be q(4). Suppose 2*r + 6 = 5*r. Suppose -p + r*p + 5*i - 27 = 0, 2*p - m = -4*i. What is the units digit of p?
2
Suppose 3*b - 150 = -f, 19 = -2*b - 5*f + 106. What is the units digit of b?
1
Let j(d) be the first derivative of -d**4/4 - 2*d**3 + d**2 + 2*d + 3. Let s be j(-6). Let w(g) = g**2 + 11*g + 15. What is the units digit of w(s)?
5
Let c(o) = o**2 - 9*o + 11. Let z be c(8). Suppose -3*f + 0*f - u = -34, -29 = -z*f - 2*u. What is the tens digit of f?
1
Suppose 2*p + 5*x - 25 = 0, 0*p - 8 = -p - x. Suppose -30 = -p*b + 45. What is the tens digit of b?
1
Let n = -18 + 20. What is the units digit of n?
2
Suppose -3*q = -3*y - 1017, y + 1027 = 18*q - 15*q. What is the hundreds digit of q?
3
Let v = -11 - -15. Let u be 2/6 - (-56)/12. Let j = u - v. What is the units digit of j?
1
Let p = 64 + -31. What is the tens digit of p?
3
Let m(d) = d**3 + 5*d**2 - 3*d + 6. Let o = -6 + 1. Let z be m(o). Let w = z + -14. What is the units digit of w?
7
Let j(d) = d**3 + 24*d**2 + 31*d + 45. What is the tens digit of j(-22)?
3
Let i(w) = w**3 + 4*w**2 - 2*w - 6. Let t be i(-4). Suppose 124 = t*m + 5*k + 37, 0 = -m + 5*k + 6. Suppose -4*o + m = 7. What is the units digit of o?
6
Let p(u) = -8*u**3 - 3*u**2 - 2*u - 3. What is the units digit of p(-2)?
3
What is the units digit of 191 - (-5 - 6/(-1))?
0
Let v = 5 + -2. Suppose v*l = 39 - 3. What is the tens digit of l?
1
Suppose 0 = 2*p + 20. Let r = p + 14. Suppose -7*j = -r*j - 54. What is the tens digit of j?
1
Let r = 10 + -6. What is the units digit of (r/(-10))/(1/(-10))?
4
What is the tens digit of (-171)/(-6)*56/21?
7
Let z = 2 - -14. What is the units digit of z?
6
Let p(d) = d**2 + 6*d - 12. Let a be (4 + -1)/((-1)/3). What is the units digit of p(a)?
5
Let n(h) = -h**2 + 6*h - 3. Let q be n(5). Let o be (-2 + 6/(-4))*q. Let l = -1 - o. What is the units digit of l?
6
What is the hundreds digit of (6 + -4)/(1/100)?
2
Suppose -2*z - 2*u = 0, 0 = -2*z - z + 3*u - 12. Let m(h) be the first derivative of -5*h**2/2 - h + 1. What is the units digit of m(z)?
9
Let t(p) = -p**3 - 5*p**2 - 5*p + 3. Let y be t(-4). Suppose y*c - 5 = 2*c. What is the units digit of c?
1
Let q be ((-18)/(-6))/(1/(-5)). Let p = 33 + q. What is the units digit of p?
8
Let o be (-6 - 1)/((-2)/12). What is the units digit of ((-4)/(-6))/(4/o)?
7
Let z = -30 + 55. What is the tens digit of z?
2
Let t(c) be the second derivative of -c**3/6 + 3*c**2 + c. What is the units digit of t(-6)?
2
Let a(o) = 2*o**2 - 12*o - 30. What is the hundreds digit of a(13)?
1
Suppose -5*l + l - u - 15 = 0, 0 = 3*l - 5*u + 40. Let k = 1 - l. What is the units digit of k?
6
Suppose -3*x = 3*i - 414, -4*x + 489 = 3*i - 68. What is the units digit of x?
3
Let w(k) = k**2 + k + 0 - 4 + 3*k. Let v be w(-5). Suppose 4 + v = -5*u - 5*m, 5 = -m. What is the units digit of u?
4
What is the hundreds digit of (5/(-5) + 4)*73?
2
Let d(w) = 2*w**2 + 6*w. Let u be d(-5). Suppose -52 = -4*g - u. Let y = g - -1. What is the units digit of y?
9
Suppose t + 0*i = -3*i + 17, 2*t + 5*i - 29 = 0. What is the units digit of (2/3)/(t/3)?
1
Let y(m) = -m - 5. Let u(t) = 2*t + 11. Let k = 5 + 2. Let h(n) = k*y(n) + 3*u(n). What is the units digit of h(-3)?
1
Suppose 4*z + 5*b - 17 = 0, 5*b - 11 = -2*z - 0. Suppose -56 = -o - z*o. What is the tens digit of o?
1
Let p be (2/6)/(4/60). Suppose p*k - 5*d = 30, 4*k - 3*d - 20 = 2*d. Suppose -4*t + k = t. What is the units digit of t?
2
Let c(i) = -i**2 + 10*i + 13. Let o be c(10). Let z = o + -5. What is the units digit of z?
8
Suppose 4*s = 2*y - 8, 4*y - 3*s - 28 = 2*s. Suppose -m = -3*m + y. What is the units digit of 16*(9/m)/3?
8
Let f = -2 + 4. Suppose f*n - 2 = n. Suppose -n*u - 5*h - 8 = 4, -8 = 2*h. What is the units digit of u?
4
Let v(s) = -1. Let g(q) = q**2 + 10*q + 5. Let k(t) = -g(t) - 4*v(t). Let y be -5 + (-1 - 2/2). What is the tens digit of k(y)?
2
Suppose -f + 120 = 2*f. What is the units digit of f?
0
Suppose -27 + 10 = -z. What is the units digit of z?
7
Suppose -k + 14 = -3*k + n, k = 4*n. Let y = 15 + k. What is the units digit of y?
7
Suppose 0 = -2*o + 35 + 69. What is the tens digit of o?
5
Suppose -4*p + 152 + 132 = 0. What is the units digit of p?
1
Let o = -4 + 0. Let m = o + 13. What is the units digit of m?
9
Let d be (-6)/21 + 16/7. Let y(l) = l**2 - l. Let f be y(d). What is the units digit of (-18)/4*-1*f?
9
Let a(s) = -3*s**3 + 2*s**3 - 4*s + s - 1 - 4*s**2 + 0*s. What is the tens digit of a(-4)?
1
Suppose -7*i = -4*i - 159. What is the units digit of i?
3
Let q be (-139)/(-2) + (-2)/4. What is the units digit of q/6 + (-6)/(-4)?
3
Let f(v) = v**2 + 2*v + 2. Let g be f(-4). Suppose 0 = -4*n - 4*w + 20, g - 1 = 3*n + w. What is the units digit of n*(5/2 + 2)?
9
Let w(p) = -p**3 - p**2 - 2. Let g be w(-2). Suppose a = g*a - 14. What is the units digit of (-2)/7 + 32/a?
2
Suppose 0 = -5*f + 4*a + 253, 5*f + 2*a - 17 = 254. What is the units digit of f?
3
Let h(m) be the third derivative of m**4/24 - 7*m**3/6 - m**2. Let u be h(9). Suppose w = u*d + 3, -5*d - 14 = -3*w - 1. What is the units digit of w?
1
Suppose -3*n - 4*b + 399 = 0, 5*n + 4*b - 665 = 2*b. What is the tens digit of n?
3
Let y be (-5 + -1)/(1/(-1)). Let n = -11 - -6. Let x = y + n. What is the units digit of x?
1
Suppose 3*s - 17 = -5. Suppose -5*c = -0*c - g - 52, -3*g + s = c. Suppose d - 4*q = 19, -2*d = -4*q - c - 16. What is the units digit of d?
7
Let f(n) = n**2 - 4*n - 15. Let a be f(-10). Suppose -3*p + 8*p = a. What is the units digit of p?
5
Suppose 986 = -18*u + 4658. What is the tens digit of u?
0
What is the units digit of (3 + (-32)/12)*417?
9
Let n be (-6)/15 + 457/5. Suppose -5*w = -n - 259. Suppose 0*p + 16 = s + 2*p, -5*p = 5*s - w. What is the tens digit of s?
1
Let q = 7 - 3. Suppose -q*x - 86 = -5*k, -90 = -k - 4*k + 5*x. What is the tens digit of k?
1
What is the units digit of (-11 + 0)/((-3)/93)?
1
Let z(v) = -18*v - 3. Let t be z(-3). Suppose 3*n =